{"id":2330,"date":"2024-11-15T15:23:40","date_gmt":"2024-11-15T14:23:40","guid":{"rendered":"https:\/\/visitbinissalem.com\/?post_type=celler&#038;p=2330"},"modified":"2024-11-18T10:06:20","modified_gmt":"2024-11-18T09:06:20","slug":"celler-tianna-negre","status":"publish","type":"celler","link":"https:\/\/visitbinissalem.com\/de\/celler\/celler-tianna-negre\/","title":{"rendered":"Celler Tianna Negre"},"content":{"rendered":"\n<p>Die Bodega Tianna Negre entstand aus der Liebe zum Land und zu den Weinbautraditionen der Familie Morey Garau. Inspiriert von einem kleinen, von der Mutter geerbten Manto Negro-Weinberg im Dorf Consell \u00f6ffnete die Bodega 2007 ihre T\u00fcren, nachdem sie jahrelang von diesem Projekt getr\u00e4umt und es geplant hatte.<\/p>\n\n\n\n<p>Derzeit bewirtschaften sie 54 Hektar Weinberge, die sich auf mehrere L\u00e4ndereien verteilen und alle biologisch und mit gro\u00dfem Respekt f\u00fcr die lokalen Rebsorten bewirtschaftet werden. Die Architektur der Weinkellerei verbindet modernes Design und Nachhaltigkeit mit einer harmonischen Integration in die Umgebung, die das Engagement f\u00fcr die Umwelt und die Exzellenz der Weine widerspiegelt.<\/p>\n\n\n\n<p><\/p>\n","protected":false},"featured_media":2331,"template":"","meta":{"_acf_changed":true},"class_list":["post-2330","celler","type-celler","status-publish","has-post-thumbnail","hentry"],"acf":[],"yoast_head":"<!-- This site is optimized with the Yoast SEO plugin v27.4 - https:\/\/yoast.com\/product\/yoast-seo-wordpress\/ -->\n<title>Celler Tianna Negre - Visit Binissalem<\/title>\n<meta name=\"robots\" content=\"index, follow, max-snippet:-1, max-image-preview:large, max-video-preview:-1\" \/>\n<link rel=\"canonical\" href=\"https:\/\/visitbinissalem.com\/celler\/celler-tianna-negre\/\" \/>\n<meta property=\"og:locale\" content=\"de_DE\" \/>\n<meta property=\"og:type\" content=\"article\" \/>\n<meta property=\"og:title\" content=\"Celler Tianna Negre - Visit Binissalem\" \/>\n<meta property=\"og:description\" content=\"Die Bodega Tianna Negre entstand aus der Liebe zum Land und zu den Weinbautraditionen der Familie Morey Garau. Inspiriert von einem kleinen, von der Mutter geerbten Manto Negro-Weinberg im Dorf Consell \u00f6ffnete die Bodega 2007 ihre T\u00fcren, nachdem sie jahrelang von diesem Projekt getr\u00e4umt und es geplant hatte. Derzeit bewirtschaften sie 54 Hektar Weinberge, die [&hellip;]\" \/>\n<meta property=\"og:url\" content=\"https:\/\/visitbinissalem.com\/celler\/celler-tianna-negre\/\" \/>\n<meta property=\"og:site_name\" content=\"Visit Binissalem\" \/>\n<meta property=\"article:publisher\" content=\"https:\/\/www.facebook.com\/AjuntamentdeBinissalem\" \/>\n<meta property=\"article:modified_time\" content=\"2024-11-18T09:06:20+00:00\" \/>\n<meta property=\"og:image\" content=\"https:\/\/visitbinissalem.com\/wp-content\/uploads\/2024\/09\/celler_tianna_negre.jpg\" \/>\n\t<meta property=\"og:image:width\" content=\"752\" \/>\n\t<meta property=\"og:image:height\" content=\"752\" \/>\n\t<meta property=\"og:image:type\" content=\"image\/jpeg\" \/>\n<meta name=\"twitter:card\" content=\"summary_large_image\" \/>\n<meta name=\"twitter:label1\" content=\"Gesch\u00e4tzte Lesezeit\" \/>\n\t<meta name=\"twitter:data1\" content=\"1\u00a0Minute\" \/>\n<script type=\"application\/ld+json\" class=\"yoast-schema-graph\">{\"@context\":\"https:\\\/\\\/schema.org\",\"@graph\":[{\"@type\":\"WebPage\",\"@id\":\"https:\\\/\\\/visitbinissalem.com\\\/celler\\\/celler-tianna-negre\\\/\",\"url\":\"https:\\\/\\\/visitbinissalem.com\\\/celler\\\/celler-tianna-negre\\\/\",\"name\":\"Celler Tianna Negre - Visit Binissalem\",\"isPartOf\":{\"@id\":\"https:\\\/\\\/visitbinissalem.com\\\/en\\\/#website\"},\"primaryImageOfPage\":{\"@id\":\"https:\\\/\\\/visitbinissalem.com\\\/celler\\\/celler-tianna-negre\\\/#primaryimage\"},\"image\":{\"@id\":\"https:\\\/\\\/visitbinissalem.com\\\/celler\\\/celler-tianna-negre\\\/#primaryimage\"},\"thumbnailUrl\":\"https:\\\/\\\/visitbinissalem.com\\\/wp-content\\\/uploads\\\/2024\\\/09\\\/celler_tianna_negre.jpg\",\"datePublished\":\"2024-11-15T14:23:40+00:00\",\"dateModified\":\"2024-11-18T09:06:20+00:00\",\"breadcrumb\":{\"@id\":\"https:\\\/\\\/visitbinissalem.com\\\/celler\\\/celler-tianna-negre\\\/#breadcrumb\"},\"inLanguage\":\"de\",\"potentialAction\":[{\"@type\":\"ReadAction\",\"target\":[\"https:\\\/\\\/visitbinissalem.com\\\/celler\\\/celler-tianna-negre\\\/\"]}]},{\"@type\":\"ImageObject\",\"inLanguage\":\"de\",\"@id\":\"https:\\\/\\\/visitbinissalem.com\\\/celler\\\/celler-tianna-negre\\\/#primaryimage\",\"url\":\"https:\\\/\\\/visitbinissalem.com\\\/wp-content\\\/uploads\\\/2024\\\/09\\\/celler_tianna_negre.jpg\",\"contentUrl\":\"https:\\\/\\\/visitbinissalem.com\\\/wp-content\\\/uploads\\\/2024\\\/09\\\/celler_tianna_negre.jpg\",\"width\":752,\"height\":752},{\"@type\":\"BreadcrumbList\",\"@id\":\"https:\\\/\\\/visitbinissalem.com\\\/celler\\\/celler-tianna-negre\\\/#breadcrumb\",\"itemListElement\":[{\"@type\":\"ListItem\",\"position\":1,\"name\":\"Inici\",\"item\":\"https:\\\/\\\/visitbinissalem.com\\\/de\\\/\"},{\"@type\":\"ListItem\",\"position\":2,\"name\":\"Celler Tianna Negre\"}]},{\"@type\":\"WebSite\",\"@id\":\"https:\\\/\\\/visitbinissalem.com\\\/en\\\/#website\",\"url\":\"https:\\\/\\\/visitbinissalem.com\\\/en\\\/\",\"name\":\"Visit Binissalem\",\"description\":\"Binissalem\",\"publisher\":{\"@id\":\"https:\\\/\\\/visitbinissalem.com\\\/en\\\/#organization\"},\"potentialAction\":[{\"@type\":\"SearchAction\",\"target\":{\"@type\":\"EntryPoint\",\"urlTemplate\":\"https:\\\/\\\/visitbinissalem.com\\\/en\\\/?s={search_term_string}\"},\"query-input\":{\"@type\":\"PropertyValueSpecification\",\"valueRequired\":true,\"valueName\":\"search_term_string\"}}],\"inLanguage\":\"de\"},{\"@type\":\"Organization\",\"@id\":\"https:\\\/\\\/visitbinissalem.com\\\/en\\\/#organization\",\"name\":\"Visit Binissalem\",\"url\":\"https:\\\/\\\/visitbinissalem.com\\\/en\\\/\",\"logo\":{\"@type\":\"ImageObject\",\"inLanguage\":\"de\",\"@id\":\"https:\\\/\\\/visitbinissalem.com\\\/en\\\/#\\\/schema\\\/logo\\\/image\\\/\",\"url\":\"https:\\\/\\\/visitbinissalem.com\\\/wp-content\\\/uploads\\\/2024\\\/08\\\/Binissalem-Oberts-a-tu.png\",\"contentUrl\":\"https:\\\/\\\/visitbinissalem.com\\\/wp-content\\\/uploads\\\/2024\\\/08\\\/Binissalem-Oberts-a-tu.png\",\"width\":2565,\"height\":1240,\"caption\":\"Visit Binissalem\"},\"image\":{\"@id\":\"https:\\\/\\\/visitbinissalem.com\\\/en\\\/#\\\/schema\\\/logo\\\/image\\\/\"},\"sameAs\":[\"https:\\\/\\\/www.facebook.com\\\/AjuntamentdeBinissalem\",\"https:\\\/\\\/www.instagram.com\\\/ajuntamentbinissalem\\\/\"]}]}<\/script>\n<!-- \/ Yoast SEO plugin. -->","yoast_head_json":{"title":"Celler Tianna Negre - Visit Binissalem","robots":{"index":"index","follow":"follow","max-snippet":"max-snippet:-1","max-image-preview":"max-image-preview:large","max-video-preview":"max-video-preview:-1"},"canonical":"https:\/\/visitbinissalem.com\/celler\/celler-tianna-negre\/","og_locale":"de_DE","og_type":"article","og_title":"Celler Tianna Negre - Visit Binissalem","og_description":"Die Bodega Tianna Negre entstand aus der Liebe zum Land und zu den Weinbautraditionen der Familie Morey Garau. Inspiriert von einem kleinen, von der Mutter geerbten Manto Negro-Weinberg im Dorf Consell \u00f6ffnete die Bodega 2007 ihre T\u00fcren, nachdem sie jahrelang von diesem Projekt getr\u00e4umt und es geplant hatte. Derzeit bewirtschaften sie 54 Hektar Weinberge, die [&hellip;]","og_url":"https:\/\/visitbinissalem.com\/celler\/celler-tianna-negre\/","og_site_name":"Visit Binissalem","article_publisher":"https:\/\/www.facebook.com\/AjuntamentdeBinissalem","article_modified_time":"2024-11-18T09:06:20+00:00","og_image":[{"width":752,"height":752,"url":"https:\/\/visitbinissalem.com\/wp-content\/uploads\/2024\/09\/celler_tianna_negre.jpg","type":"image\/jpeg"}],"twitter_card":"summary_large_image","twitter_misc":{"Gesch\u00e4tzte Lesezeit":"1\u00a0Minute"},"schema":{"@context":"https:\/\/schema.org","@graph":[{"@type":"WebPage","@id":"https:\/\/visitbinissalem.com\/celler\/celler-tianna-negre\/","url":"https:\/\/visitbinissalem.com\/celler\/celler-tianna-negre\/","name":"Celler Tianna Negre - Visit Binissalem","isPartOf":{"@id":"https:\/\/visitbinissalem.com\/en\/#website"},"primaryImageOfPage":{"@id":"https:\/\/visitbinissalem.com\/celler\/celler-tianna-negre\/#primaryimage"},"image":{"@id":"https:\/\/visitbinissalem.com\/celler\/celler-tianna-negre\/#primaryimage"},"thumbnailUrl":"https:\/\/visitbinissalem.com\/wp-content\/uploads\/2024\/09\/celler_tianna_negre.jpg","datePublished":"2024-11-15T14:23:40+00:00","dateModified":"2024-11-18T09:06:20+00:00","breadcrumb":{"@id":"https:\/\/visitbinissalem.com\/celler\/celler-tianna-negre\/#breadcrumb"},"inLanguage":"de","potentialAction":[{"@type":"ReadAction","target":["https:\/\/visitbinissalem.com\/celler\/celler-tianna-negre\/"]}]},{"@type":"ImageObject","inLanguage":"de","@id":"https:\/\/visitbinissalem.com\/celler\/celler-tianna-negre\/#primaryimage","url":"https:\/\/visitbinissalem.com\/wp-content\/uploads\/2024\/09\/celler_tianna_negre.jpg","contentUrl":"https:\/\/visitbinissalem.com\/wp-content\/uploads\/2024\/09\/celler_tianna_negre.jpg","width":752,"height":752},{"@type":"BreadcrumbList","@id":"https:\/\/visitbinissalem.com\/celler\/celler-tianna-negre\/#breadcrumb","itemListElement":[{"@type":"ListItem","position":1,"name":"Inici","item":"https:\/\/visitbinissalem.com\/de\/"},{"@type":"ListItem","position":2,"name":"Celler Tianna Negre"}]},{"@type":"WebSite","@id":"https:\/\/visitbinissalem.com\/en\/#website","url":"https:\/\/visitbinissalem.com\/en\/","name":"Visit Binissalem","description":"Binissalem","publisher":{"@id":"https:\/\/visitbinissalem.com\/en\/#organization"},"potentialAction":[{"@type":"SearchAction","target":{"@type":"EntryPoint","urlTemplate":"https:\/\/visitbinissalem.com\/en\/?s={search_term_string}"},"query-input":{"@type":"PropertyValueSpecification","valueRequired":true,"valueName":"search_term_string"}}],"inLanguage":"de"},{"@type":"Organization","@id":"https:\/\/visitbinissalem.com\/en\/#organization","name":"Visit Binissalem","url":"https:\/\/visitbinissalem.com\/en\/","logo":{"@type":"ImageObject","inLanguage":"de","@id":"https:\/\/visitbinissalem.com\/en\/#\/schema\/logo\/image\/","url":"https:\/\/visitbinissalem.com\/wp-content\/uploads\/2024\/08\/Binissalem-Oberts-a-tu.png","contentUrl":"https:\/\/visitbinissalem.com\/wp-content\/uploads\/2024\/08\/Binissalem-Oberts-a-tu.png","width":2565,"height":1240,"caption":"Visit Binissalem"},"image":{"@id":"https:\/\/visitbinissalem.com\/en\/#\/schema\/logo\/image\/"},"sameAs":["https:\/\/www.facebook.com\/AjuntamentdeBinissalem","https:\/\/www.instagram.com\/ajuntamentbinissalem\/"]}]}},"_links":{"self":[{"href":"https:\/\/visitbinissalem.com\/de\/wp-json\/wp\/v2\/celler\/2330","targetHints":{"allow":["GET"]}}],"collection":[{"href":"https:\/\/visitbinissalem.com\/de\/wp-json\/wp\/v2\/celler"}],"about":[{"href":"https:\/\/visitbinissalem.com\/de\/wp-json\/wp\/v2\/types\/celler"}],"wp:featuredmedia":[{"embeddable":true,"href":"https:\/\/visitbinissalem.com\/de\/wp-json\/wp\/v2\/media\/2331"}],"wp:attachment":[{"href":"https:\/\/visitbinissalem.com\/de\/wp-json\/wp\/v2\/media?parent=2330"}],"curies":[{"name":"wp","href":"https:\/\/api.w.org\/{rel}","templated":true}]}}

<p>Die Bodega Tianna Negre entstand aus der Liebe zum Land und zu den Weinbautraditionen der Familie Morey Garau. Inspiriert von einem kleinen, von der Mutter geerbten Manto Negro-Weinberg im Dorf Consell öffnete die Bodega 2007 ihre Türen, nachdem sie jahrelang von diesem Projekt geträumt und es geplant hatte.</p>



<p>Derzeit bewirtschaften sie 54 Hektar Weinberge, die sich auf mehrere Ländereien verteilen und alle biologisch und mit großem Respekt für die lokalen Rebsorten bewirtschaftet werden. Die Architektur der Weinkellerei verbindet modernes Design und Nachhaltigkeit mit einer harmonischen Integration in die Umgebung, die das Engagement für die Umwelt und die Exzellenz der Weine widerspiegelt.</p>



<p></p>

<!-- This site is optimized with the Yoast SEO plugin v27.4 - https://yoast.com/product/yoast-seo-wordpress/ -->
<title>Celler Tianna Negre - Visit Binissalem</title>
<meta name="robots" content="index, follow, max-snippet:-1, max-image-preview:large, max-video-preview:-1" />
<link rel="canonical" href="https://visitbinissalem.com/celler/celler-tianna-negre/" />
<meta property="og:locale" content="de_DE" />
<meta property="og:type" content="article" />
<meta property="og:title" content="Celler Tianna Negre - Visit Binissalem" />
<meta property="og:description" content="Die Bodega Tianna Negre entstand aus der Liebe zum Land und zu den Weinbautraditionen der Familie Morey Garau. Inspiriert von einem kleinen, von der Mutter geerbten Manto Negro-Weinberg im Dorf Consell öffnete die Bodega 2007 ihre Türen, nachdem sie jahrelang von diesem Projekt geträumt und es geplant hatte. Derzeit bewirtschaften sie 54 Hektar Weinberge, die [&hellip;]" />
<meta property="og:url" content="https://visitbinissalem.com/celler/celler-tianna-negre/" />
<meta property="og:site_name" content="Visit Binissalem" />
<meta property="article:publisher" content="https://www.facebook.com/AjuntamentdeBinissalem" />
<meta property="article:modified_time" content="2024-11-18T09:06:20+00:00" />
<meta property="og:image" content="https://visitbinissalem.com/wp-content/uploads/2024/09/celler_tianna_negre.jpg" />
	<meta property="og:image:width" content="752" />
	<meta property="og:image:height" content="752" />
	<meta property="og:image:type" content="image/jpeg" />
<meta name="twitter:card" content="summary_large_image" />
<meta name="twitter:label1" content="Geschätzte Lesezeit" />
	<meta name="twitter:data1" content="1 Minute" />
<script type="application/ld+json" class="yoast-schema-graph">{"@context":"https:\/\/schema.org","@graph":[{"@type":"WebPage","@id":"https:\/\/visitbinissalem.com\/celler\/celler-tianna-negre\/","url":"https:\/\/visitbinissalem.com\/celler\/celler-tianna-negre\/","name":"Celler Tianna Negre - Visit Binissalem","isPartOf":{"@id":"https:\/\/visitbinissalem.com\/en\/#website"},"primaryImageOfPage":{"@id":"https:\/\/visitbinissalem.com\/celler\/celler-tianna-negre\/#primaryimage"},"image":{"@id":"https:\/\/visitbinissalem.com\/celler\/celler-tianna-negre\/#primaryimage"},"thumbnailUrl":"https:\/\/visitbinissalem.com\/wp-content\/uploads\/2024\/09\/celler_tianna_negre.jpg","datePublished":"2024-11-15T14:23:40+00:00","dateModified":"2024-11-18T09:06:20+00:00","breadcrumb":{"@id":"https:\/\/visitbinissalem.com\/celler\/celler-tianna-negre\/#breadcrumb"},"inLanguage":"de","potentialAction":[{"@type":"ReadAction","target":["https:\/\/visitbinissalem.com\/celler\/celler-tianna-negre\/"]}]},{"@type":"ImageObject","inLanguage":"de","@id":"https:\/\/visitbinissalem.com\/celler\/celler-tianna-negre\/#primaryimage","url":"https:\/\/visitbinissalem.com\/wp-content\/uploads\/2024\/09\/celler_tianna_negre.jpg","contentUrl":"https:\/\/visitbinissalem.com\/wp-content\/uploads\/2024\/09\/celler_tianna_negre.jpg","width":752,"height":752},{"@type":"BreadcrumbList","@id":"https:\/\/visitbinissalem.com\/celler\/celler-tianna-negre\/#breadcrumb","itemListElement":[{"@type":"ListItem","position":1,"name":"Inici","item":"https:\/\/visitbinissalem.com\/de\/"},{"@type":"ListItem","position":2,"name":"Celler Tianna Negre"}]},{"@type":"WebSite","@id":"https:\/\/visitbinissalem.com\/en\/#website","url":"https:\/\/visitbinissalem.com\/en\/","name":"Visit Binissalem","description":"Binissalem","publisher":{"@id":"https:\/\/visitbinissalem.com\/en\/#organization"},"potentialAction":[{"@type":"SearchAction","target":{"@type":"EntryPoint","urlTemplate":"https:\/\/visitbinissalem.com\/en\/?s={search_term_string}"},"query-input":{"@type":"PropertyValueSpecification","valueRequired":true,"valueName":"search_term_string"}}],"inLanguage":"de"},{"@type":"Organization","@id":"https:\/\/visitbinissalem.com\/en\/#organization","name":"Visit Binissalem","url":"https:\/\/visitbinissalem.com\/en\/","logo":{"@type":"ImageObject","inLanguage":"de","@id":"https:\/\/visitbinissalem.com\/en\/#\/schema\/logo\/image\/","url":"https:\/\/visitbinissalem.com\/wp-content\/uploads\/2024\/08\/Binissalem-Oberts-a-tu.png","contentUrl":"https:\/\/visitbinissalem.com\/wp-content\/uploads\/2024\/08\/Binissalem-Oberts-a-tu.png","width":2565,"height":1240,"caption":"Visit Binissalem"},"image":{"@id":"https:\/\/visitbinissalem.com\/en\/#\/schema\/logo\/image\/"},"sameAs":["https:\/\/www.facebook.com\/AjuntamentdeBinissalem","https:\/\/www.instagram.com\/ajuntamentbinissalem\/"]}]}</script>
<!-- / Yoast SEO plugin. -->

Die Bodega Tianna Negre entstand aus der Liebe zum Land und zu den Weinbautraditionen der Familie Morey Garau. Inspiriert von einem kleinen, von der Mutter geerbten Manto Negro-Weinberg im Dorf Consell öffnete die Bodega 2007 ihre Türen, nachdem sie jahrelang von diesem Projekt geträumt und es geplant hatte. Derzeit bewirtschaften sie 54 Hektar Weinberge, die [&hellip;]
