{"id":2317,"date":"2024-11-15T15:23:40","date_gmt":"2024-11-15T14:23:40","guid":{"rendered":"https:\/\/visitbinissalem.com\/?post_type=celler&#038;p=2317"},"modified":"2024-11-18T10:00:07","modified_gmt":"2024-11-18T09:00:07","slug":"celler-tianna-negre","status":"publish","type":"celler","link":"https:\/\/visitbinissalem.com\/es\/celler\/celler-tianna-negre\/","title":{"rendered":"Celler Tianna Negre"},"content":{"rendered":"\n<p>Bodega Tianna Negre naci\u00f3 del amor por la tierra y las tradiciones vitivin\u00edcolas de la familia Morey Garau. Inspirado en un peque\u00f1o vi\u00f1edo de Manto Negro heredado por su madre en el pueblo de Consell, la bodega abri\u00f3 sus puertas en el 2007 despu\u00e9s de a\u00f1os de so\u00f1ar y planificar este proyecto.<\/p>\n\n\n\n<p>Actualmente, trabajan 54 hect\u00e1reas de vi\u00f1edos repartidos por diversas fincas, todas cultivadas en r\u00e9gimen ecol\u00f3gico y con un profundo respeto por las variedades aut\u00f3ctonas. La arquitectura de la bodega combina dise\u00f1o moderno y sostenibilidad, con una integraci\u00f3n arm\u00f3nica en el entorno que refleja su compromiso con el medio ambiente y la excelencia en sus vinos.<\/p>\n","protected":false},"featured_media":2318,"template":"","meta":{"_acf_changed":true},"class_list":["post-2317","celler","type-celler","status-publish","has-post-thumbnail","hentry"],"acf":[],"yoast_head":"<!-- This site is optimized with the Yoast SEO plugin v27.4 - https:\/\/yoast.com\/product\/yoast-seo-wordpress\/ -->\n<title>Celler Tianna Negre - Visit Binissalem<\/title>\n<meta name=\"robots\" content=\"index, follow, max-snippet:-1, max-image-preview:large, max-video-preview:-1\" \/>\n<link rel=\"canonical\" href=\"https:\/\/visitbinissalem.com\/celler\/celler-tianna-negre\/\" \/>\n<meta property=\"og:locale\" content=\"es_ES\" \/>\n<meta property=\"og:type\" content=\"article\" \/>\n<meta property=\"og:title\" content=\"Celler Tianna Negre - Visit Binissalem\" \/>\n<meta property=\"og:description\" content=\"Bodega Tianna Negre naci\u00f3 del amor por la tierra y las tradiciones vitivin\u00edcolas de la familia Morey Garau. Inspirado en un peque\u00f1o vi\u00f1edo de Manto Negro heredado por su madre en el pueblo de Consell, la bodega abri\u00f3 sus puertas en el 2007 despu\u00e9s de a\u00f1os de so\u00f1ar y planificar este proyecto. Actualmente, trabajan 54 [&hellip;]\" \/>\n<meta property=\"og:url\" content=\"https:\/\/visitbinissalem.com\/celler\/celler-tianna-negre\/\" \/>\n<meta property=\"og:site_name\" content=\"Visit Binissalem\" \/>\n<meta property=\"article:publisher\" content=\"https:\/\/www.facebook.com\/AjuntamentdeBinissalem\" \/>\n<meta property=\"article:modified_time\" content=\"2024-11-18T09:00:07+00:00\" \/>\n<meta property=\"og:image\" content=\"https:\/\/visitbinissalem.com\/wp-content\/uploads\/2024\/09\/celler_tianna_negre.jpg\" \/>\n\t<meta property=\"og:image:width\" content=\"752\" \/>\n\t<meta property=\"og:image:height\" content=\"752\" \/>\n\t<meta property=\"og:image:type\" content=\"image\/jpeg\" \/>\n<meta name=\"twitter:card\" content=\"summary_large_image\" \/>\n<meta name=\"twitter:label1\" content=\"Tiempo de lectura\" \/>\n\t<meta name=\"twitter:data1\" content=\"1 minuto\" \/>\n<script type=\"application\/ld+json\" class=\"yoast-schema-graph\">{\"@context\":\"https:\\\/\\\/schema.org\",\"@graph\":[{\"@type\":\"WebPage\",\"@id\":\"https:\\\/\\\/visitbinissalem.com\\\/celler\\\/celler-tianna-negre\\\/\",\"url\":\"https:\\\/\\\/visitbinissalem.com\\\/celler\\\/celler-tianna-negre\\\/\",\"name\":\"Celler Tianna Negre - Visit Binissalem\",\"isPartOf\":{\"@id\":\"https:\\\/\\\/visitbinissalem.com\\\/en\\\/#website\"},\"primaryImageOfPage\":{\"@id\":\"https:\\\/\\\/visitbinissalem.com\\\/celler\\\/celler-tianna-negre\\\/#primaryimage\"},\"image\":{\"@id\":\"https:\\\/\\\/visitbinissalem.com\\\/celler\\\/celler-tianna-negre\\\/#primaryimage\"},\"thumbnailUrl\":\"https:\\\/\\\/visitbinissalem.com\\\/wp-content\\\/uploads\\\/2024\\\/09\\\/celler_tianna_negre.jpg\",\"datePublished\":\"2024-11-15T14:23:40+00:00\",\"dateModified\":\"2024-11-18T09:00:07+00:00\",\"breadcrumb\":{\"@id\":\"https:\\\/\\\/visitbinissalem.com\\\/celler\\\/celler-tianna-negre\\\/#breadcrumb\"},\"inLanguage\":\"es\",\"potentialAction\":[{\"@type\":\"ReadAction\",\"target\":[\"https:\\\/\\\/visitbinissalem.com\\\/celler\\\/celler-tianna-negre\\\/\"]}]},{\"@type\":\"ImageObject\",\"inLanguage\":\"es\",\"@id\":\"https:\\\/\\\/visitbinissalem.com\\\/celler\\\/celler-tianna-negre\\\/#primaryimage\",\"url\":\"https:\\\/\\\/visitbinissalem.com\\\/wp-content\\\/uploads\\\/2024\\\/09\\\/celler_tianna_negre.jpg\",\"contentUrl\":\"https:\\\/\\\/visitbinissalem.com\\\/wp-content\\\/uploads\\\/2024\\\/09\\\/celler_tianna_negre.jpg\",\"width\":752,\"height\":752},{\"@type\":\"BreadcrumbList\",\"@id\":\"https:\\\/\\\/visitbinissalem.com\\\/celler\\\/celler-tianna-negre\\\/#breadcrumb\",\"itemListElement\":[{\"@type\":\"ListItem\",\"position\":1,\"name\":\"Inici\",\"item\":\"https:\\\/\\\/visitbinissalem.com\\\/\"},{\"@type\":\"ListItem\",\"position\":2,\"name\":\"Celler Tianna Negre\"}]},{\"@type\":\"WebSite\",\"@id\":\"https:\\\/\\\/visitbinissalem.com\\\/en\\\/#website\",\"url\":\"https:\\\/\\\/visitbinissalem.com\\\/en\\\/\",\"name\":\"Visit Binissalem\",\"description\":\"Binissalem\",\"publisher\":{\"@id\":\"https:\\\/\\\/visitbinissalem.com\\\/en\\\/#organization\"},\"potentialAction\":[{\"@type\":\"SearchAction\",\"target\":{\"@type\":\"EntryPoint\",\"urlTemplate\":\"https:\\\/\\\/visitbinissalem.com\\\/en\\\/?s={search_term_string}\"},\"query-input\":{\"@type\":\"PropertyValueSpecification\",\"valueRequired\":true,\"valueName\":\"search_term_string\"}}],\"inLanguage\":\"es\"},{\"@type\":\"Organization\",\"@id\":\"https:\\\/\\\/visitbinissalem.com\\\/en\\\/#organization\",\"name\":\"Visit Binissalem\",\"url\":\"https:\\\/\\\/visitbinissalem.com\\\/en\\\/\",\"logo\":{\"@type\":\"ImageObject\",\"inLanguage\":\"es\",\"@id\":\"https:\\\/\\\/visitbinissalem.com\\\/en\\\/#\\\/schema\\\/logo\\\/image\\\/\",\"url\":\"https:\\\/\\\/visitbinissalem.com\\\/wp-content\\\/uploads\\\/2024\\\/08\\\/Binissalem-Oberts-a-tu.png\",\"contentUrl\":\"https:\\\/\\\/visitbinissalem.com\\\/wp-content\\\/uploads\\\/2024\\\/08\\\/Binissalem-Oberts-a-tu.png\",\"width\":2565,\"height\":1240,\"caption\":\"Visit Binissalem\"},\"image\":{\"@id\":\"https:\\\/\\\/visitbinissalem.com\\\/en\\\/#\\\/schema\\\/logo\\\/image\\\/\"},\"sameAs\":[\"https:\\\/\\\/www.facebook.com\\\/AjuntamentdeBinissalem\",\"https:\\\/\\\/www.instagram.com\\\/ajuntamentbinissalem\\\/\"]}]}<\/script>\n<!-- \/ Yoast SEO plugin. -->","yoast_head_json":{"title":"Celler Tianna Negre - Visit Binissalem","robots":{"index":"index","follow":"follow","max-snippet":"max-snippet:-1","max-image-preview":"max-image-preview:large","max-video-preview":"max-video-preview:-1"},"canonical":"https:\/\/visitbinissalem.com\/celler\/celler-tianna-negre\/","og_locale":"es_ES","og_type":"article","og_title":"Celler Tianna Negre - Visit Binissalem","og_description":"Bodega Tianna Negre naci\u00f3 del amor por la tierra y las tradiciones vitivin\u00edcolas de la familia Morey Garau. Inspirado en un peque\u00f1o vi\u00f1edo de Manto Negro heredado por su madre en el pueblo de Consell, la bodega abri\u00f3 sus puertas en el 2007 despu\u00e9s de a\u00f1os de so\u00f1ar y planificar este proyecto. Actualmente, trabajan 54 [&hellip;]","og_url":"https:\/\/visitbinissalem.com\/celler\/celler-tianna-negre\/","og_site_name":"Visit Binissalem","article_publisher":"https:\/\/www.facebook.com\/AjuntamentdeBinissalem","article_modified_time":"2024-11-18T09:00:07+00:00","og_image":[{"width":752,"height":752,"url":"https:\/\/visitbinissalem.com\/wp-content\/uploads\/2024\/09\/celler_tianna_negre.jpg","type":"image\/jpeg"}],"twitter_card":"summary_large_image","twitter_misc":{"Tiempo de lectura":"1 minuto"},"schema":{"@context":"https:\/\/schema.org","@graph":[{"@type":"WebPage","@id":"https:\/\/visitbinissalem.com\/celler\/celler-tianna-negre\/","url":"https:\/\/visitbinissalem.com\/celler\/celler-tianna-negre\/","name":"Celler Tianna Negre - Visit Binissalem","isPartOf":{"@id":"https:\/\/visitbinissalem.com\/en\/#website"},"primaryImageOfPage":{"@id":"https:\/\/visitbinissalem.com\/celler\/celler-tianna-negre\/#primaryimage"},"image":{"@id":"https:\/\/visitbinissalem.com\/celler\/celler-tianna-negre\/#primaryimage"},"thumbnailUrl":"https:\/\/visitbinissalem.com\/wp-content\/uploads\/2024\/09\/celler_tianna_negre.jpg","datePublished":"2024-11-15T14:23:40+00:00","dateModified":"2024-11-18T09:00:07+00:00","breadcrumb":{"@id":"https:\/\/visitbinissalem.com\/celler\/celler-tianna-negre\/#breadcrumb"},"inLanguage":"es","potentialAction":[{"@type":"ReadAction","target":["https:\/\/visitbinissalem.com\/celler\/celler-tianna-negre\/"]}]},{"@type":"ImageObject","inLanguage":"es","@id":"https:\/\/visitbinissalem.com\/celler\/celler-tianna-negre\/#primaryimage","url":"https:\/\/visitbinissalem.com\/wp-content\/uploads\/2024\/09\/celler_tianna_negre.jpg","contentUrl":"https:\/\/visitbinissalem.com\/wp-content\/uploads\/2024\/09\/celler_tianna_negre.jpg","width":752,"height":752},{"@type":"BreadcrumbList","@id":"https:\/\/visitbinissalem.com\/celler\/celler-tianna-negre\/#breadcrumb","itemListElement":[{"@type":"ListItem","position":1,"name":"Inici","item":"https:\/\/visitbinissalem.com\/"},{"@type":"ListItem","position":2,"name":"Celler Tianna Negre"}]},{"@type":"WebSite","@id":"https:\/\/visitbinissalem.com\/en\/#website","url":"https:\/\/visitbinissalem.com\/en\/","name":"Visit Binissalem","description":"Binissalem","publisher":{"@id":"https:\/\/visitbinissalem.com\/en\/#organization"},"potentialAction":[{"@type":"SearchAction","target":{"@type":"EntryPoint","urlTemplate":"https:\/\/visitbinissalem.com\/en\/?s={search_term_string}"},"query-input":{"@type":"PropertyValueSpecification","valueRequired":true,"valueName":"search_term_string"}}],"inLanguage":"es"},{"@type":"Organization","@id":"https:\/\/visitbinissalem.com\/en\/#organization","name":"Visit Binissalem","url":"https:\/\/visitbinissalem.com\/en\/","logo":{"@type":"ImageObject","inLanguage":"es","@id":"https:\/\/visitbinissalem.com\/en\/#\/schema\/logo\/image\/","url":"https:\/\/visitbinissalem.com\/wp-content\/uploads\/2024\/08\/Binissalem-Oberts-a-tu.png","contentUrl":"https:\/\/visitbinissalem.com\/wp-content\/uploads\/2024\/08\/Binissalem-Oberts-a-tu.png","width":2565,"height":1240,"caption":"Visit Binissalem"},"image":{"@id":"https:\/\/visitbinissalem.com\/en\/#\/schema\/logo\/image\/"},"sameAs":["https:\/\/www.facebook.com\/AjuntamentdeBinissalem","https:\/\/www.instagram.com\/ajuntamentbinissalem\/"]}]}},"_links":{"self":[{"href":"https:\/\/visitbinissalem.com\/es\/wp-json\/wp\/v2\/celler\/2317","targetHints":{"allow":["GET"]}}],"collection":[{"href":"https:\/\/visitbinissalem.com\/es\/wp-json\/wp\/v2\/celler"}],"about":[{"href":"https:\/\/visitbinissalem.com\/es\/wp-json\/wp\/v2\/types\/celler"}],"wp:featuredmedia":[{"embeddable":true,"href":"https:\/\/visitbinissalem.com\/es\/wp-json\/wp\/v2\/media\/2318"}],"wp:attachment":[{"href":"https:\/\/visitbinissalem.com\/es\/wp-json\/wp\/v2\/media?parent=2317"}],"curies":[{"name":"wp","href":"https:\/\/api.w.org\/{rel}","templated":true}]}}

<p>Bodega Tianna Negre nació del amor por la tierra y las tradiciones vitivinícolas de la familia Morey Garau. Inspirado en un pequeño viñedo de Manto Negro heredado por su madre en el pueblo de Consell, la bodega abrió sus puertas en el 2007 después de años de soñar y planificar este proyecto.</p>



<p>Actualmente, trabajan 54 hectáreas de viñedos repartidos por diversas fincas, todas cultivadas en régimen ecológico y con un profundo respeto por las variedades autóctonas. La arquitectura de la bodega combina diseño moderno y sostenibilidad, con una integración armónica en el entorno que refleja su compromiso con el medio ambiente y la excelencia en sus vinos.</p>

<!-- This site is optimized with the Yoast SEO plugin v27.4 - https://yoast.com/product/yoast-seo-wordpress/ -->
<title>Celler Tianna Negre - Visit Binissalem</title>
<meta name="robots" content="index, follow, max-snippet:-1, max-image-preview:large, max-video-preview:-1" />
<link rel="canonical" href="https://visitbinissalem.com/celler/celler-tianna-negre/" />
<meta property="og:locale" content="es_ES" />
<meta property="og:type" content="article" />
<meta property="og:title" content="Celler Tianna Negre - Visit Binissalem" />
<meta property="og:description" content="Bodega Tianna Negre nació del amor por la tierra y las tradiciones vitivinícolas de la familia Morey Garau. Inspirado en un pequeño viñedo de Manto Negro heredado por su madre en el pueblo de Consell, la bodega abrió sus puertas en el 2007 después de años de soñar y planificar este proyecto. Actualmente, trabajan 54 [&hellip;]" />
<meta property="og:url" content="https://visitbinissalem.com/celler/celler-tianna-negre/" />
<meta property="og:site_name" content="Visit Binissalem" />
<meta property="article:publisher" content="https://www.facebook.com/AjuntamentdeBinissalem" />
<meta property="article:modified_time" content="2024-11-18T09:00:07+00:00" />
<meta property="og:image" content="https://visitbinissalem.com/wp-content/uploads/2024/09/celler_tianna_negre.jpg" />
	<meta property="og:image:width" content="752" />
	<meta property="og:image:height" content="752" />
	<meta property="og:image:type" content="image/jpeg" />
<meta name="twitter:card" content="summary_large_image" />
<meta name="twitter:label1" content="Tiempo de lectura" />
	<meta name="twitter:data1" content="1 minuto" />
<script type="application/ld+json" class="yoast-schema-graph">{"@context":"https:\/\/schema.org","@graph":[{"@type":"WebPage","@id":"https:\/\/visitbinissalem.com\/celler\/celler-tianna-negre\/","url":"https:\/\/visitbinissalem.com\/celler\/celler-tianna-negre\/","name":"Celler Tianna Negre - Visit Binissalem","isPartOf":{"@id":"https:\/\/visitbinissalem.com\/en\/#website"},"primaryImageOfPage":{"@id":"https:\/\/visitbinissalem.com\/celler\/celler-tianna-negre\/#primaryimage"},"image":{"@id":"https:\/\/visitbinissalem.com\/celler\/celler-tianna-negre\/#primaryimage"},"thumbnailUrl":"https:\/\/visitbinissalem.com\/wp-content\/uploads\/2024\/09\/celler_tianna_negre.jpg","datePublished":"2024-11-15T14:23:40+00:00","dateModified":"2024-11-18T09:00:07+00:00","breadcrumb":{"@id":"https:\/\/visitbinissalem.com\/celler\/celler-tianna-negre\/#breadcrumb"},"inLanguage":"es","potentialAction":[{"@type":"ReadAction","target":["https:\/\/visitbinissalem.com\/celler\/celler-tianna-negre\/"]}]},{"@type":"ImageObject","inLanguage":"es","@id":"https:\/\/visitbinissalem.com\/celler\/celler-tianna-negre\/#primaryimage","url":"https:\/\/visitbinissalem.com\/wp-content\/uploads\/2024\/09\/celler_tianna_negre.jpg","contentUrl":"https:\/\/visitbinissalem.com\/wp-content\/uploads\/2024\/09\/celler_tianna_negre.jpg","width":752,"height":752},{"@type":"BreadcrumbList","@id":"https:\/\/visitbinissalem.com\/celler\/celler-tianna-negre\/#breadcrumb","itemListElement":[{"@type":"ListItem","position":1,"name":"Inici","item":"https:\/\/visitbinissalem.com\/"},{"@type":"ListItem","position":2,"name":"Celler Tianna Negre"}]},{"@type":"WebSite","@id":"https:\/\/visitbinissalem.com\/en\/#website","url":"https:\/\/visitbinissalem.com\/en\/","name":"Visit Binissalem","description":"Binissalem","publisher":{"@id":"https:\/\/visitbinissalem.com\/en\/#organization"},"potentialAction":[{"@type":"SearchAction","target":{"@type":"EntryPoint","urlTemplate":"https:\/\/visitbinissalem.com\/en\/?s={search_term_string}"},"query-input":{"@type":"PropertyValueSpecification","valueRequired":true,"valueName":"search_term_string"}}],"inLanguage":"es"},{"@type":"Organization","@id":"https:\/\/visitbinissalem.com\/en\/#organization","name":"Visit Binissalem","url":"https:\/\/visitbinissalem.com\/en\/","logo":{"@type":"ImageObject","inLanguage":"es","@id":"https:\/\/visitbinissalem.com\/en\/#\/schema\/logo\/image\/","url":"https:\/\/visitbinissalem.com\/wp-content\/uploads\/2024\/08\/Binissalem-Oberts-a-tu.png","contentUrl":"https:\/\/visitbinissalem.com\/wp-content\/uploads\/2024\/08\/Binissalem-Oberts-a-tu.png","width":2565,"height":1240,"caption":"Visit Binissalem"},"image":{"@id":"https:\/\/visitbinissalem.com\/en\/#\/schema\/logo\/image\/"},"sameAs":["https:\/\/www.facebook.com\/AjuntamentdeBinissalem","https:\/\/www.instagram.com\/ajuntamentbinissalem\/"]}]}</script>
<!-- / Yoast SEO plugin. -->

Bodega Tianna Negre nació del amor por la tierra y las tradiciones vitivinícolas de la familia Morey Garau. Inspirado en un pequeño viñedo de Manto Negro heredado por su madre en el pueblo de Consell, la bodega abrió sus puertas en el 2007 después de años de soñar y planificar este proyecto. Actualmente, trabajan 54 [&hellip;]
